i(m) be the third derivative of m**5/20 - 5*m**4/12 + 5*m**3/6 - 12*m**2. What is the tens digit of i(4)?
1
Let t(f) = -f**2 - 13*f + 31. Let a be (-46)/4 + 1/(-2). What is the tens digit of t(a)?
4
Suppose 5*s - 101 = 2*g, -2*s + 3*g + 66 = s. Let x(r) = -r**3 + 20*r**2 - 18*r + 32. What is the tens digit of x(s)?
5
Let l(w) be the first derivative of -w - 1/2*w**2 + 1/3*w**3 - 5. What is the units digit of l(-1)?
1
Let r(h) = 5*h**2 + 5*h**2 - 38 + 34 + h + 3*h**2. What is the units digit of r(-2)?
6
Suppose 4*q - 3*d - 6553 = -2066, 0 = -3*q + d + 3364. What is the units digit of q?
1
Suppose a - r - 1464 = 0, -a + 1449 = r + 3*r. What is the tens digit of a?
6
Let a(q) = 233*q - 152. What is the thousands digit of a(10)?
2
Suppose -396 = -2*d - 54. What is the hundreds digit of d?
1
Let a(z) = z**2 + 5*z - 35. Suppose -4*y - 89 = -5*l, -11*y = -8*y - 4*l + 67. What is the hundreds digit of a(y)?
3
What is the tens digit of (-2)/4 - (4932/(-8) - -9)?
0
Let d = 14 + -18. Let z be 12/78 + d/26. Suppose y + 16 - 75 = z. What is the units digit of y?
9
Suppose -3*k = -2*w - 386, 2*w + 124 = k + 6*w. What is the tens digit of k?
2
Let s = 291 + -289. What is the units digit of s?
2
Suppose -25 + 0 = 5*o, -3*m + 122 = 2*o. What is the tens digit of m?
4
Let b(o) = -4*o - 2. Suppose -2*z - 8 = -z. Let d be (-2)/(-3)*84/z. What is the tens digit of b(d)?
2
What is the hundreds digit of ((-7)/(147/5994))/((-15)/105)?
9
Let x(c) = -3*c - 12. Let s be x(-5). Suppose 2*j = -s*y + 1, -5*y = -4*j - 0*j + 57. What is the units digit of j?
8
What is the thousands digit of ((-8)/(-14))/(10/44695)?
2
Let t = -9 - 1. Let z be t/35 + 60/14. Suppose 0 = -4*y - 5*w + 53, -3*y + 0*y + 41 = z*w. What is the units digit of y?
7
Let y(d) be the second derivative of -d**3/6 + 4*d**2 + 2*d. Let u be y(0). Suppose -q - u = -2*q. What is the units digit of q?
8
Suppose -u - 3*u = 0, 4*u = -2*p + 10. Suppose k + 3*w - 54 = 0, -p*k = w + w - 205. What is the tens digit of k?
3
Suppose 2*i = -5*n + 1072 - 67, 0 = -5*i + 4*n + 2562. What is the units digit of i?
0
Let w(x) = 206*x + 6. What is the hundreds digit of w(1)?
2
Let h = 6 + 6. Suppose i = -4*m - 1, 4*i + 8*m = 4*m + 20. Let v = h - i. What is the units digit of v?
5
Let w(d) = d**3 - 14*d**2 - 15*d + 13. Let c = -14 + 29. Let u be w(c). Let g(t) = -t**2 + 15*t - 8. What is the tens digit of g(u)?
1
Let t(u) = 4*u**3 - 2*u**2 - 4*u + 1. Let h be t(3). Let x = h + -33. What is the units digit of x?
6
Let w(i) = -i**3 - 2*i**2 + i + 1. Suppose -3*x = -8 - 10. Let u = 2 - x. What is the units digit of w(u)?
9
Suppose 7*h = 5*h + 9274. What is the units digit of h?
7
Suppose -9*n + 36039 = -6234. What is the thousands digit of n?
4
Let b(x) = x**3 - 11*x**2 - 8*x - 4. Let y be b(13). Suppose -3*w + y = 5*g - g, 286 = 5*g + 3*w. What is the units digit of g?
6
Suppose 88*f + 339 = 91*f. Let s = f - 45. What is the tens digit of s?
6
Let w = -142 - -88. Let q = w - -81. What is the units digit of q?
7
Let k = -20 + 26. Suppose -144 = -k*f - 0*f. Suppose -17*a - f = -19*a. What is the tens digit of a?
1
Suppose 4*w + s = 105, -3*w + 2*s + 65 + 11 = 0. Suppose 0 = -z + 2*z - 4. Suppose w = z*f + 2. What is the units digit of f?
6
Let c(j) = 22*j - 13*j**2 + 3*j**3 - 2*j**3 - 2 - 4. Let o be c(11). Let z(b) = -b**3 - 5*b**2 + 5*b + 7. What is the units digit of z(o)?
3
Let r(m) be the second derivative of 5*m**3 + m**2 - 13*m. What is the units digit of r(1)?
2
Let x(a) = a + 25. Let y(s) = s**3 + 3*s**2 - 5*s - 4. Let k be y(-4). Suppose 0 = t + 11 - k. What is the units digit of x(t)?
4
Suppose -5*n + 5 = -5. Suppose -2*b + 235 = 3*o + n*b, 2*o + 3*b = 158. What is the tens digit of o?
7
Suppose 58*l = 49*l + 3951. What is the units digit of l?
9
Let t = 494 + 139. What is the hundreds digit of t?
6
Let f = 529 - 1959. What is the units digit of f/33*3/(-2)?
5
Suppose 3*g = 5*u + g - 24, u + 2*g = 0. Suppose -63 - 93 = -u*o. Suppose 4*q - 69 - o = 0. What is the units digit of q?
7
Let t be (-21)/(-7)*36/2. What is the units digit of (-4)/18 + 6114/t?
3
Let b = -1 + 0. What is the units digit of 528/3 + (1 + -2 - b)?
6
Let p(r) = 138*r. Let z be p(2). Suppose 0 = 4*o - 4*n - z, -3*o + 214 = -4*n + 12. What is the units digit of o?
4
Suppose -5*x - 5 = 5*f, 2*x - 4*x = 3*f. What is the units digit of (7/f)/(-8*4/(-2752))?
1
Let r = 7 - 6. Suppose o + r = 2*s - 3*s, 0 = 2*s + 6. What is the units digit of o?
2
Let i(z) = z**2 - 14*z + 5. Let v = -1 + 15. Let g be i(v). Let k(b) = -b**3 + 9*b**2 - 10*b + 1. What is the tens digit of k(g)?
5
Let a(q) = -7*q + q - 2*q + 4 + 0. Let l be a(-7). Suppose -3*j + l = -j. What is the units digit of j?
0
Suppose -4*v + 143 = j, 0*j - 2*j - v + 300 = 0. Suppose -48*z = -43*z - 430. Let h = j - z. What is the units digit of h?
5
Suppose 5*q + 3*o + 211 = 0, q + 32 = o - 7. Suppose 5*i - 25 = 2*z, 4*i + 145 = -5*z - 0*z. Let c = z - q. What is the tens digit of c?
1
Let l = 13 + -13. Suppose l = -0*a - a - 5, 4*a = 4*g - 144. What is the tens digit of g?
3
Let x(j) = j**3 - 15*j**2 + 13*j + 18. Let s be x(14). Let k(t) = -24 + t**3 + 8*t + s*t**2 - 4*t - 15*t**2 + 11*t. What is the units digit of k(10)?
6
Suppose -2*p = -4*p - 8. Let g be (-77)/(-4) + (-3)/12. Let r = p + g. What is the units digit of r?
5
Suppose 3*q + 6 = 4*m + 6*q, 3*m = 3*q - 6. Suppose -4*i + 411 + 285 = m. What is the units digit of i?
4
Let w = -2953 - -5197. What is the thousands digit of w?
2
Suppose 2*z - 3 = 1. Let c be 3 + 16 + (-2)/(-2). What is the tens digit of (1 - c)*(1 - z)?
1
Suppose -2*n - 21*c + 1538 = -25*c, 5*n - 3845 = -4*c. What is the hundreds digit of n?
7
Let g(t) = -2*t + 14. Let s be g(6). Suppose s*q = 7*q - 20. What is the tens digit of (-1)/(-2) + 50/q?
1
Suppose -3*m = -3*w - 7962, -8*w + 7957 = 3*m - 6*w. What is the thousands digit of m?
2
Let m be 3 - (4/(-12))/(3/2421). Let z = m + -121. What is the tens digit of z?
5
Let d(a) = 4*a**2 + 6*a - 37. What is the tens digit of d(-16)?
9
Let d = -1228 + 2139. What is the units digit of d?
1
Let u = 113 + -99. What is the tens digit of ((12/u)/1)/(2/168)?
7
Let m = 4118 - 2448. What is the units digit of m?
0
Suppose -h + 3 + 1 = 2*s, 0 = -5*h + 3*s + 20. Let i be -1 + 0 + (h - 0). Suppose i*d - 71 = 4*c, c + 1 = -1. What is the tens digit of d?
2
Suppose 0 = 3*f + 4*l - 282, -l - 2*l = f - 99. What is the units digit of (-2)/(f/(-3745)) - 2/9?
3
Let f(m) = 2*m**2 + 22*m - 16. Let v be f(-12). Suppose 6*x - v*x = -8. Suppose 5*l - 344 = 4*n, x*l + n - 271 = -0*n. What is the units digit of l?
8
Let j be ((-100)/(-15))/(2/6). Suppose 4*z - o = 20, 3*o + o = z - j. Suppose z*i - 43 = 65. What is the units digit of i?
7
Let h(b) = 33*b**2 - b - 1. Let c be (-1 + 0)*(-9 + 10). What is the tens digit of h(c)?
3
Let m(p) = 2*p**2 + p - 2. Let x be m(1). What is the units digit of (x - (-16)/(-10))*-75?
5
Suppose 5*u + 0*u + 2096 = 2*b, -1041 = -b - u. What is the hundreds digit of b?
0
Suppose 17*b = 36455 - 6654. What is the thousands digit of b?
1
Let r = -4 + 5. Suppose 5*a = -68 - 227. Let q = r - a. What is the units digit of q?
0
Let k be ((-2)/(-8) - 0) + (-22)/(-8). Let f(x) = 6*x**3 - 4*x**2 + 3*x - 3. What is the hundreds digit of f(k)?
1
Let x(d) = 5*d**3 + 5*d**2 - 5*d - 3. What is the tens digit of x(4)?
7
What is the thousands digit of 0 - (-9)/3 - (-5 + -2052)?
2
Let x(h) = 13*h + 14*h - 7 - 5*h - 3*h. What is the units digit of x(2)?
1
Let k(r) = 10*r**2 - 9*r. Let y be k(-8). Suppose -l = -9*l + y. What is the units digit of l?
9
Suppose 3*x = 4*d + 1173, -d = 2*x - 5*d - 786. What is the tens digit of x?
8
Let v be (-5)/(2*(-3)/6). Suppose b = -4*b + v*o + 105, -5*o = 4*b - 48. What is the tens digit of b?
1
Let g be 10 - (1 - (-1 - -2)). What is the tens digit of (-4)/g - (-9702)/30?
2
Let g = 175 - 85. Suppose -g = -3*v + 243. What is the hundreds digit of v?
1
Let s = -395 - -674. Suppose 0*g + s = 3*g. What is the units digit of g?
3
Let g = -5639 - -8870. What is the tens digit of g?
3
Let t(k) = k + 1. Let o be t(0). Let a(w) be the second derivative of 5*w**3/3 + 8*w. What is the units digit of a(o)?
0
Let n(p) = -10*p - 2. Let c(z) = -z**2 - 6*z - 2. Let y(h) = -3*h - 6. Let l be y(0). Let u be c(l). What is the t